te the greatest common factor of 26444 and 132.
44
Calculate the highest common divisor of 1943 and 13266.
67
Calculate the greatest common factor of 336358 and 55.
11
What is the greatest common factor of 198 and 11979?
99
Calculate the highest common factor of 26220 and 1615.
95
Calculate the highest common factor of 117020 and 28.
4
Calculate the highest common divisor of 865 and 1054089.
173
Calculate the highest common factor of 85004 and 89308.
1076
Calculate the highest common factor of 90 and 852590.
10
Calculate the greatest common divisor of 184 and 8901.
23
What is the greatest common factor of 1490986 and 42?
14
What is the greatest common factor of 679 and 535343?
97
What is the greatest common factor of 516 and 8342?
86
What is the greatest common factor of 2878444 and 632?
316
Calculate the highest common divisor of 13356 and 12432.
84
Calculate the greatest common factor of 1731 and 132.
3
What is the greatest common divisor of 1131 and 9893?
13
What is the highest common factor of 185033 and 246?
41
Calculate the greatest common divisor of 125 and 69625.
125
What is the greatest common factor of 3230 and 10370?
170
Calculate the highest common divisor of 712 and 12015.
89
What is the highest common divisor of 6533 and 4309?
139
What is the greatest common factor of 25441 and 7904?
247
What is the highest common divisor of 17 and 217277?
17
What is the greatest common factor of 437 and 15295?
437
What is the highest common divisor of 115722 and 594?
54
What is the highest common factor of 3399 and 5997?
3
What is the highest common factor of 8 and 608824?
8
What is the highest common divisor of 1250 and 981250?
1250
What is the greatest common divisor of 2409 and 4224?
33
Calculate the greatest common divisor of 502 and 96635.
251
What is the greatest common divisor of 288466 and 23?
23
Calculate the greatest common divisor of 154 and 112420.
154
Calculate the greatest common factor of 1174 and 185492.
1174
Calculate the highest common divisor of 17 and 127993.
17
What is the greatest common divisor of 1260 and 2007?
9
What is the greatest common divisor of 9333041 and 29?
29
What is the highest common divisor of 67767 and 147?
147
Calculate the highest common divisor of 488 and 3538.
122
Calculate the greatest common divisor of 6339910 and 20.
10
Calculate the greatest common divisor of 629621 and 554.
277
Calculate the highest common divisor of 2031 and 9.
3
What is the greatest common divisor of 156 and 20508?
12
What is the highest common factor of 162 and 19647?
9
What is the greatest common divisor of 28 and 275716?
28
Calculate the greatest common divisor of 306 and 120972.
102
Calculate the highest common factor of 102 and 47922.
6
What is the highest common divisor of 2030 and 7686?
14
Calculate the highest common divisor of 588 and 143388.
84
Calculate the highest common divisor of 2250 and 31950.
450
What is the greatest common factor of 645058 and 13616?
1702
Calculate the highest common divisor of 44 and 13354.
22
What is the highest common factor of 4288 and 7772?
268
What is the highest common factor of 412900 and 45?
5
What is the highest common divisor of 400 and 64770?
10
Calculate the highest common factor of 139 and 4094523.
139
Calculate the highest common factor of 237908 and 1012.
44
What is the greatest common divisor of 15522 and 312?
78
What is the greatest common divisor of 107956 and 548?
548
Calculate the highest common factor of 17 and 403971.
17
What is the greatest common divisor of 611 and 1547?
13
What is the highest common divisor of 4500 and 8010?
90
Calculate the greatest common divisor of 73 and 599257.
73
What is the highest common divisor of 13950 and 950?
50
Calculate the highest common factor of 160 and 516080.
80
What is the highest common factor of 147405 and 5115?
465
What is the greatest common divisor of 524 and 3012738?
262
What is the highest common divisor of 88 and 8635?
11
What is the greatest common factor of 618071 and 458?
229
What is the highest common divisor of 7631 and 8931?
13
What is the greatest common factor of 1592 and 179498?
398
What is the highest common divisor of 184 and 212600?
8
What is the highest common factor of 14308 and 68?
4
What is the highest common divisor of 1779478 and 296?
74
What is the highest common divisor of 8250 and 1?
1
Calculate the greatest common factor of 7572 and 24.
12
Calculate the greatest common divisor of 620 and 3292.
4
Calculate the greatest common factor of 156 and 184431.
39
What is the highest common factor of 11055 and 26015?
55
What is the greatest common divisor of 3933 and 6498?
171
What is the greatest common factor of 963 and 167669?
107
Calculate the greatest common factor of 95592 and 504.
168
What is the highest common divisor of 3591 and 77121?
171
What is the greatest common divisor of 26 and 4329?
13
What is the highest common divisor of 24792 and 72?
24
What is the highest common factor of 1029 and 63?
21
What is the greatest common factor of 1562 and 902?
22
What is the highest common factor of 26767 and 560261?
923
Calculate the highest common factor of 5022 and 310.
62
What is the highest common divisor of 40409 and 527?
17
Calculate the greatest common divisor of 40 and 52770.
10
What is the greatest common factor of 3149 and 11092?
47
What is the highest common factor of 8 and 326776?
8
Calculate the greatest common factor of 36 and 74052.
36
What is the highest common divisor of 187 and 2288?
11
What is the highest common factor of 70 and 15785?
35
What is the highest common divisor of 1041690 and 60?
30
Calculate the highest common divisor of 76273 and 445.
89
Calculate the greatest common factor of 343 and 11123.
49
What is the greatest common divisor of 2708202 and 204?
102
What is the highest common factor of 16 and 2987?
1
Calculate the highest common factor of 891 and 1215.
81
What is the highest common factor of 1059182 and 454?
454
What is the highest common factor of 5 and 1879900?
5
Calculate the greatest common divisor of 285 and 58005.
15
What is the greatest common factor of 244 and 265228?
244
Calculate the highest common factor of 28480 and 6080.
320
Calculate the greatest common divisor of 6707835 and 207.
207
Calculate the highest common factor of 25773 and 142.
71
Calculate the greatest common divisor of 151270 and 140.
70
Calculate the highest common factor of 2483 and 85.
1
What is the greatest common divisor of 4589 and 325?
13
Calculate the greatest common divisor of 357 and 4539.
51
Calculate the highest common factor of 26 and 74022.
26
Calculate the highest common divisor of 141 and 153267.
141
What is the greatest common factor of 3248 and 4480?
112
Calculate the highest common factor of 30 and 5972370.
30
What is the greatest common divisor of 6554 and 436858?
226
What is the highest common factor of 34 and 318138?
34
What is the greatest common factor of 63 and 4863285?
63
Calculate the highest common divisor of 2438 and 10442.
46
Calculate the greatest common divisor of 120 and 1143960.
120
Calculate the highest common factor of 2850612 and 12.
12
Calculate the greatest common divisor of 14 and 45605.
7
What is the greatest common divisor of 23 and 126017?
23
What is the highest common factor of 31365 and 5355?
765
What is the highest common divisor of 1128330 and 140?
70
Calculate the highest common factor of 86 and 705974.
86
Calculate the highest common factor of 330 and 4290.
330
Calculate the greatest common divisor of 470 and 10990.
10
Calculate the highest common factor of 24 and 397860.
12
What is the highest common divisor of 1166 and 24910?
106
Calculate the greatest common factor of 349650 and 150.
150
What is the highest common divisor of 561 and 23375?
187
Calculate the greatest common factor of 5181 and 165.
33
What is the highest common factor of 93126 and 204?
102
What is the greatest common divisor of 41883 and 69?
69
What is the highest common factor of 2014 and 608?
38
Calculate the greatest common factor of 56 and 4408.
8
Calculate the highest common factor of 51 and 2278.
17
Calculate the greatest common divisor of 4194 and 303832.
466
What is the highest common factor of 735 and 7245?
105
What is the highest common factor of 76930 and 105?
35
What is 